{"id":11524,"date":"2014-09-30T17:01:09","date_gmt":"2014-09-30T14:01:09","guid":{"rendered":"http:\/\/www.bghaber.org\/bghaber\/?page_id=11524"},"modified":"2017-08-04T15:29:22","modified_gmt":"2017-08-04T12:29:22","slug":"turkiyede-bulgaristan-konsolosluklari","status":"publish","type":"page","link":"https:\/\/www.bghaber.org\/bghaber\/turkiyede-bulgaristan-konsolosluklari\/","title":{"rendered":"T\u00fcrkiye&#8217;de Bulgaristan Konsolosluklar\u0131"},"content":{"rendered":"<p><strong>T\u00fcrkiye&#8217;de Bulunan Bulgaristan Cumhuriyeti Konsolosluklar\u0131<\/strong><\/p>\n<p><strong>Bulgaristan Cumhuriyeti B\u00fcy\u00fckel\u00e7ili\u011fi &#8211; Ankara<\/strong><br \/>\nAdres: Atat\u00fcrk Bulvar\u0131 No:124, 06680 Kav\u0131kl\u0131dere-\u00c7ankaya, Ankara<br \/>\nTel: +90 312 467 20 71; +90 312 427 51 42<br \/>\nFaks: +90 312 468 69 56<br \/>\nCep Tel: + 90 533 376 37 69<br \/>\n\u00c7al\u0131\u015fma Saatleri: Haftai\u00e7i: 09:00 &#8211; 17:30 \/ \u0130\u00e7eriye al\u0131\u015f saatleri: 09:00 &#8211; 12:00<br \/>\nE.posta:\u00a0<a href=\"mailto: Embassy.Ankara@mfa.bg\">Embassy.Ankara@mfa.bg<\/a><br \/>\nWebsite:<a href=\"http:\/\/%20www.mfa.bg\/embassies\/turkey\"> www.mfa.bg\/embassies\/turkey<\/a><\/p>\n<p><strong>Bulgaristan Cumhuriyeti Ba\u015fkonsoloslu\u011fu &#8211; \u0130stanbul<\/strong><br \/>\nAdres: Ahmet Adnan Saygun Cad. No:34 Ulus-2.Levent, 34340, \u0130stanbul<br \/>\nTel: +90 212 281 01 14; +90 212 281 01 15; +90 212 281 01 16<br \/>\nFaks: +90 212 264 10 11<br \/>\nCep Tel: + 90 533 383 64 14<br \/>\nE.posta:\u00a0<a href=\"mailto:%20Consulate.Istanbul@mfa.bg\">Consulate.Istanbul@mfa.bg<\/a><br \/>\nWebsite: <a href=\"http:\/\/www.mfa.bg\/embassies\/turkeygc2\">www.mfa.bg\/embassies\/turkeygc2<\/a><\/p>\n<p><strong>Bulgaristan Cumhuriyeti Konsolosluk Ofisi &#8211; Bursa<\/strong><br \/>\nAdres: Adalet Mah. Ayd\u0131n Sk. No:1 Osmangazi\/Bursa<br \/>\nTel: +90 224 245 55 00; +90 224 245 56 00; +90 224 245 52 52<br \/>\nFaks: +90 224 245 55 09<br \/>\nCep Tel: +90 5315058000<br \/>\nE.posta:\u00a0<a href=\"mailto:%20Office.BURSA@mfa.bg\">Office.BURSA@mfa.bg<\/a><\/p>\n<p><strong>Bugaristan Cumhuriyeti Ba\u015fkonsoloslu\u011fu &#8211; Edirne<\/strong><br \/>\nAdres: Sar\u0131capa\u015fa Mah. Talat Pa\u015fa Sk.\u00a0No: 146\u00a0Edirne<br \/>\nTel: +90 2842140617; +90 5337396140<br \/>\nFaks: +90 2842148482<br \/>\nCep Tel: +90 5336298164<br \/>\n\u00c7al\u0131\u015fma Saatleri: Haftai\u00e7i : 09.00 \u2013 18.00<br \/>\nE.posta: <a href=\"mailto:%20Consulate.Edirne@mfa.bg\">Consulate.Edirne@mfa.bg<\/a><br \/>\nWebsite: <a href=\"http:\/\/www.mfa.bg\/embassies\/turkeygc\">www.mfa.bg\/embassies\/turkeygc<\/a><\/p><div id=\"bghab-3043549283\" class=\"bghab-icerik-icine bghab-entity-placement\"><script async src=\"\/\/pagead2.googlesyndication.com\/pagead\/js\/adsbygoogle.js?client=ca-pub-6203283170189293\" crossorigin=\"anonymous\"><\/script><ins class=\"adsbygoogle\" style=\"display:block; text-align:center;\" data-ad-client=\"ca-pub-6203283170189293\" \ndata-ad-slot=\"7303146466\" \ndata-ad-layout=\"in-article\"\ndata-ad-format=\"fluid\" data-full-width-responsive=\"true\"><\/ins>\n<script> \n(adsbygoogle = window.adsbygoogle || []).push({}); \n<\/script>\n<\/div>\n<p><strong>Bulgaristan Fahri Konsoloslu\u011fu &#8211; Tekirda\u011f<\/strong><br \/>\nAdres: Turgut Mh. Rihtim Cad. No:13\/2 S\u00fcleymanpa\u015fa\/Tekirda\u011f<br \/>\nTelefon: +90 282 261 94 87<br \/>\nFaks: +90 282 261 94 87<br \/>\nE.posta:\u00a0<a href=\"mailto:tekirdagkonsolosluk@hotmail.com\">tekirdagkonsolosluk@hotmail.com<\/a><\/p>\n<p>&nbsp;<\/p>\n<p>&#8212;&#8212;&#8212;&#8212;&#8212;&#8212;&#8212;&#8212;&#8212;&#8212;&#8212;&#8212;&#8212;&#8212;&#8212;&#8212;&#8212;&#8212;&#8212;&#8212;&#8212;&#8212;&#8212;&#8212;&#8212;&#8212;&#8212;&#8212;&#8212;&#8212;&#8212;&#8212;&#8212;&#8211;<\/p>\n<p style=\"margin: 0px 0px 10px; padding: 0px; border: 0px; clear: left; font-family: Arial, sans-serif; color: #2f2f2f; font-size: 14px; font-style: normal; font-variant: normal; font-weight: normal; letter-spacing: normal; line-height: 19.600000381469727px; orphans: auto; text-align: left; text-indent: 0px; text-transform: none; white-space: normal; widows: auto; word-spacing: 0px; -webkit-text-stroke-width: 0px; background-color: #f8f8f8;\"><strong>\u041f\u043e\u0441\u043e\u043b\u0441\u0442\u0432\u043e \u043d\u0430 \u0420\u0435\u043f\u0443\u0431\u043b\u0438\u043a\u0430 \u0411\u044a\u043b\u0433\u0430\u0440\u0438\u044f \u0432 \u0410\u043d\u043a\u0430\u0440\u0430, \u0420\u0435\u043f\u0443\u0431\u043b\u0438\u043a\u0430 \u0422\u0443\u0440\u0446\u0438\u044f<\/strong><br \/>\n\u0410\u0434\u0440\u0435\u0441: \u0433\u0440. \u0410\u043d\u043a\u0430\u0440\u0430, \u043a\u0432. \u041a\u0430\u0432\u044a\u043a\u043b\u044a\u0434\u0435\u0440\u0435, \u0427\u0430\u043d\u043a\u0430\u044f, \u0431\u0443\u043b. \u201e\u0410\u0442\u0430\u0442\u044e\u0440\u043a\u201d \u2116 124<br \/>\n\u0422\u0435\u043b.: +90\u00a0312 467 20 71; +90\u00a0312 427 51 42<br \/>\n\u0424\u0430\u043a\u0441: +90 312 468 69 56<br \/>\n\u0414\u0435\u0436\u0443\u0440\u043d\u0438 \u0442\u0435\u043b\u0435\u0444\u043e\u043d\u0438 \u0432 \u0438\u0437\u0432\u044a\u043d\u0440\u0430\u0431\u043e\u0442\u043d\u043e \u0432\u0440\u0435\u043c\u0435:<br \/>\n+ 90 312 467 20 71; + 90 312 427 51 42<br \/>\n+ 90 533 376 37 69 \/\u043c\u043e\u0431\u0438\u043b\u0435\u043d\/<br \/>\n\u0420\u0430\u0431\u043e\u0442\u043d\u043e \u0432\u0440\u0435\u043c\u0435: \u041f\u043e &#8211; \u041f\u0442, 09.00 &#8211; 17.30 \u0447.<br \/>\n\u041f\u0440\u0438\u0435\u043c\u043d\u043e \u0432\u0440\u0435\u043c\u0435 \u0437\u0430 \u0433\u0440\u0430\u0436\u0434\u0430\u043d\u0438: 09.00 &#8211; 12.00 \u0447.<br \/>\nE-mail: <a style=\"text-decoration: none; outline: none; color: #527788; font-weight: bold;\" href=\"mailto:Embassy.Ankara@mfa.bg\">Embassy.Ankara@mfa.bg<\/a><br \/>\nWebsite: <a style=\"text-decoration: none; outline: none; color: #527788; font-weight: bold;\" href=\"http:\/\/www.mfa.bg\/embassies\/turkey\" target=\"_blank\" rel=\"noopener\">www.mfa.bg\/embassies\/turkey<\/a><\/p>\n<p><strong>\u0413\u0435\u043d\u0435\u0440\u0430\u043b\u043d\u043e \u043a\u043e\u043d\u0441\u0443\u043b\u0441\u0442\u0432\u043e \u043d\u0430 \u0420\u0435\u043f\u0443\u0431\u043b\u0438\u043a\u0430 \u0411\u044a\u043b\u0433\u0430\u0440\u0438\u044f \u0432 \u0418\u0441\u0442\u0430\u043d\u0431\u0443\u043b, \u0420\u0435\u043f\u0443\u0431\u043b\u0438\u043a\u0430 \u0422\u0443\u0440\u0446\u0438\u044f<\/strong><br \/>\n\u0410\u0434\u0440\u0435\u0441: Ahmet Adnan Saygun Cd. \u2116 34, Ulus &#8211; 2.Levent, 34340, Istanbul, Republic of Turkey<br \/>\n\u0422\u0435\u043b.: +90 212 281 01 14; +90\u00a0212 281 01 15; +90 212 281 01 16<br \/>\n\u0424\u0430\u043a\u0441:+90 212 264 10 11<br \/>\n\u0414\u0435\u0436\u0443\u0440\u043d\u0438 \u0442\u0435\u043b\u0435\u0444\u043e\u043d\u0438 \u0432 \u0438\u0437\u0432\u044a\u043d\u0440\u0430\u0431\u043e\u0442\u043d\u043e \u0432\u0440\u0435\u043c\u0435:<br \/>\n+ 90212 281 01 14; + 90212 281 01 15; + 90212 281 01 16<br \/>\n+ 90 533 383 64 14 \/\u043c\u043e\u0431\u0438\u043b\u0435\u043d\/<br \/>\n\u0415-mail: <a style=\"text-decoration: none; outline: none; color: #527788; font-weight: bold;\" href=\"http:\/\/Consulate%2EIstanbul@mfa.bg\/\">Consulate.Istanbul@mfa.bg<\/a><br \/>\nWebsite: <a style=\"text-decoration: none; outline: none; color: #527788; font-weight: bold;\" href=\"http:\/\/www.mfa.bg\/embassies\/turkeygc2\" target=\"_blank\" rel=\"noopener\">www.mfa.bg\/embassies\/turkeygc2<\/a><\/p><div id=\"bghab-1586429080\" class=\"bghab-icerik-icine-10-paragraf bghab-entity-placement\"><script async src=\"\/\/pagead2.googlesyndication.com\/pagead\/js\/adsbygoogle.js?client=ca-pub-6203283170189293\" crossorigin=\"anonymous\"><\/script><ins class=\"adsbygoogle\" style=\"display:block; text-align:center;\" data-ad-client=\"ca-pub-6203283170189293\" \ndata-ad-slot=\"7303146466\" \ndata-ad-layout=\"in-article\"\ndata-ad-format=\"fluid\" data-full-width-responsive=\"true\"><\/ins>\n<script> \n(adsbygoogle = window.adsbygoogle || []).push({}); \n<\/script>\n<\/div>\n<p style=\"margin: 0px 0px 10px; padding: 0px; border: 0px; clear: left; font-family: Arial, sans-serif; color: #2f2f2f; font-size: 14px; font-style: normal; font-variant: normal; font-weight: normal; letter-spacing: normal; line-height: 19.600000381469727px; orphans: auto; text-align: left; text-indent: 0px; text-transform: none; white-space: normal; widows: auto; word-spacing: 0px; -webkit-text-stroke-width: 0px; background-color: #f8f8f8;\"><strong>\u041a\u043e\u043d\u0441\u0443\u043b\u0441\u043a\u0430 \u043a\u0430\u043d\u0446\u0435\u043b\u0430\u0440\u0438\u044f \u0432 \u0411\u0443\u0440\u0441\u0430 \u043a\u044a\u043c \u0413\u0435\u043d\u0435\u0440\u0430\u043b\u043d\u043e\u0442\u043e \u043a\u043e\u043d\u0441\u0443\u043b\u0441\u0442\u0432\u043e \u043d\u0430 \u0420\u0435\u043f\u0443\u0431\u043b\u0438\u043a\u0430 \u0411\u044a\u043b\u0433\u0430\u0440\u0438\u044f \u0432 \u0418\u0441\u0442\u0430\u043d\u0431\u0443\u043b <\/strong><br \/>\n\u0410\u0434\u0440\u0435\u0441: Adalet\u00a0 Mah.\u201eAyd\u0131n Sok\u201d \u2116 1, Osmangazi-BURSA , 16180, Turkey<br \/>\n(\u0443\u043b. \u201e\u0410\u0439\u0434\u044a\u043d \u0441\u043e\u043a\u0430\u043a\u201d, \u2116 1, \u043e\u0431\u0449\u0438\u043d\u0430\u00a0 \u041e\u0441\u043c\u0430\u043d\u0433\u0430\u0437\u0438, \u043a\u0432\u0430\u0440\u0442\u0430\u043b \u0410\u0434\u0430\u043b\u0435\u0442, 16180, \u0411\u0423\u0420\u0421\u0410)<br \/>\n\u0422\u0435\u043b.: +90 224\u00a0245 55 00; +90 224\u00a0245 56 00; +90 224\u00a0245 52 52<br \/>\n\u0424\u0430\u043a\u0441: +90 224\u00a0245 55 09<br \/>\n\u0414\u0435\u0436\u0443\u0440\u0435\u043d \u0442\u0435\u043b\u0435\u0444\u043e\u043d \u0432 \u0438\u0437\u0432\u044a\u043d\u0440\u0430\u0431\u043e\u0442\u043d\u043e \u0432\u0440\u0435\u043c\u0435: +90 5315058000<br \/>\nE-mail:\u00a0<a style=\"text-decoration: none; outline: none; color: #527788; font-weight: bold;\" href=\"mailto:Office.BURSA@mfa.government.bg\">Office.BURSA@mfa.bg<\/a><\/p>\n<p><strong>\u0413\u0435\u043d\u0435\u0440\u0430\u043b\u043d\u043e \u043a\u043e\u043d\u0441\u0443\u043b\u0441\u0442\u0432\u043e \u043d\u0430 \u0420\u0435\u043f\u0443\u0431\u043b\u0438\u043a\u0430 \u0411\u044a\u043b\u0433\u0430\u0440\u0438\u044f \u0432 \u041e\u0434\u0440\u0438\u043d, \u0420\u0435\u043f\u0443\u0431\u043b\u0438\u043a\u0430 \u0422\u0443\u0440\u0446\u0438\u044f<\/strong><br \/>\n\u0410\u0434\u0440\u0435\u0441: \u0420\u0435\u043f\u0443\u0431\u043b\u0438\u043a\u0430 \u0422\u0443\u0440\u0446\u0438\u044f, 22030 \u041e\u0434\u0440\u0438\u043d, \u0421\u0430\u0440\u044a\u0434\u0436\u0430 \u043f\u0430\u0448\u0430 \u043c\u0430\u0445\u0430\u043b\u0430, \u0443\u043b. \u0422\u0430\u043b\u044f\u0442 \u043f\u0430\u0448\u0430 \u2116 146<br \/>\n\u0422\u0435\u043b\u0435\u0444\u043e\u043d: +90 2842140617; +90 5337396140<br \/>\n\u0424\u0430\u043a\u0441: +90 2842148482<br \/>\n\u0414\u0435\u0436\u0443\u0440\u043d\u0438 \u0442\u0435\u043b\u0435\u0444\u043e\u043d\u0438 \u0432 \u0438\u0437\u0432\u044a\u043d\u0440\u0430\u0431\u043e\u0442\u043d\u043e \u0432\u0440\u0435\u043c\u0435: +90 5336298164 \/\u043c\u043e\u0431\u0438\u043b\u0435\u043d\/; +902842140617<br \/>\n\u0415-mail: <a style=\"text-decoration: none; outline: none; color: #527788; font-weight: bold;\" href=\"mailto:Consulate.Edirne@mfa.bg\">Consulate.Edirne@mfa.bg<\/a><br \/>\nWebsite: <a style=\"text-decoration: none; outline: none; color: #527788; font-weight: bold;\" href=\"http:\/\/www.mfa.bg\/embassies\/turkeygc\" target=\"_blank\" rel=\"noopener\">www.mfa.bg\/embassies\/turkeygc<\/a><\/p>\n<p>&nbsp;<\/p>\n<p>&nbsp;<\/p>\n<p><em>Bu yaz\u0131 <a href=\"http:\/\/raziyemurat.uluturk.net\">Murat Ulut\u00fcrk<\/a> taraf\u0131ndan haz\u0131rlanm\u0131\u015ft\u0131r.<\/em><\/p><div id=\"bghab-1386940826\" class=\"bghab-icerik-icine-15-paragraf bghab-entity-placement\"><script async src=\"\/\/pagead2.googlesyndication.com\/pagead\/js\/adsbygoogle.js?client=ca-pub-6203283170189293\" crossorigin=\"anonymous\"><\/script><ins class=\"adsbygoogle\" style=\"display:block; text-align:center;\" data-ad-client=\"ca-pub-6203283170189293\" \ndata-ad-slot=\"7303146466\" \ndata-ad-layout=\"in-article\"\ndata-ad-format=\"fluid\" data-full-width-responsive=\"true\"><\/ins>\n<script> \n(adsbygoogle = window.adsbygoogle || []).push({}); \n<\/script>\n<\/div>\n<div id=\"bghab-2222649617\" class=\"bghab-yazi-altinda bghab-entity-placement\"><div class=\"bghab-adlabel\">Reklamlar<\/div><script async src=\"https:\/\/pagead2.googlesyndication.com\/pagead\/js\/adsbygoogle.js\"><\/script>\r\n<!-- bghaber-yaz\u0131-sonu -->\r\n<ins class=\"adsbygoogle\"\r\n     style=\"display:block\"\r\n     data-ad-client=\"ca-pub-6203283170189293\"\r\n     data-ad-slot=\"4222328180\"\r\n     data-ad-format=\"auto\"\r\n     data-full-width-responsive=\"true\"><\/ins>\r\n<script>\r\n     (adsbygoogle = window.adsbygoogle || []).push({});\r\n<\/script><\/div><br style=\"clear: both; display: block; float: none;\"\/>","protected":false},"excerpt":{"rendered":"<p>T\u00fcrkiye&#8217;de Bulunan Bulgaristan Cumhuriyeti Konsolosluklar\u0131 Bulgaristan Cumhuriyeti B\u00fcy\u00fckel\u00e7ili\u011fi &#8211; Ankara Adres: Atat\u00fcrk Bulvar\u0131 No:124, 06680 Kav\u0131kl\u0131dere-\u00c7ankaya, Ankara Tel: +90 312 467 20 71; +90 312<\/p>\n","protected":false},"author":1,"featured_media":0,"parent":0,"menu_order":0,"comment_status":"open","ping_status":"open","template":"","meta":{"advanced_seo_description":"","jetpack_seo_html_title":"","jetpack_seo_noindex":false,"footnotes":""},"class_list":["post-11524","page","type-page","status-publish","hentry"],"jetpack_sharing_enabled":true,"jetpack_likes_enabled":true,"jetpack-related-posts":[],"jetpack_shortlink":"https:\/\/wp.me\/Pc2PfJ-2ZS","_links":{"self":[{"href":"https:\/\/www.bghaber.org\/bghaber\/wp-json\/wp\/v2\/pages\/11524","targetHints":{"allow":["GET"]}}],"collection":[{"href":"https:\/\/www.bghaber.org\/bghaber\/wp-json\/wp\/v2\/pages"}],"about":[{"href":"https:\/\/www.bghaber.org\/bghaber\/wp-json\/wp\/v2\/types\/page"}],"author":[{"embeddable":true,"href":"https:\/\/www.bghaber.org\/bghaber\/wp-json\/wp\/v2\/users\/1"}],"replies":[{"embeddable":true,"href":"https:\/\/www.bghaber.org\/bghaber\/wp-json\/wp\/v2\/comments?post=11524"}],"version-history":[{"count":0,"href":"https:\/\/www.bghaber.org\/bghaber\/wp-json\/wp\/v2\/pages\/11524\/revisions"}],"wp:attachment":[{"href":"https:\/\/www.bghaber.org\/bghaber\/wp-json\/wp\/v2\/media?parent=11524"}],"curies":[{"name":"wp","href":"https:\/\/api.w.org\/{rel}","templated":true}]}}